alse
Is 328721 a composite number?
False
Is 1106929 prime?
False
Is 4591183 a prime number?
True
Is 63607253 prime?
True
Is 78839821 composite?
True
Is 1979539 a composite number?
False
Is 8436367 prime?
True
Is 5272951 composite?
False
Is 133375331 composite?
True
Is 1212383 composite?
True
Is 9987493 composite?
False
Is 604997 prime?
True
Is 15719297 a prime number?
False
Is 813239 prime?
False
Is 4029937 a composite number?
False
Is 11524199 prime?
False
Is 2605847 composite?
False
Is 21174143 composite?
False
Is 484943686 composite?
True
Is 9665697 a composite number?
True
Is 536131 composite?
True
Is 481337 a composite number?
True
Is 2957035 composite?
True
Is 340813 a prime number?
False
Is 137963543 a prime number?
False
Is 97960477 a prime number?
False
Is 14937803 composite?
False
Is 5110871 composite?
False
Is 2789821 prime?
True
Is 4325389 composite?
False
Is 73886249 a composite number?
True
Is 13717679 composite?
False
Is 19265903 composite?
False
Is 4822787 a composite number?
True
Is 11051101 a composite number?
True
Is 10857133 a composite number?
True
Is 40054423 composite?
True
Is 8326109 a prime number?
False
Is 45315097 a prime number?
False
Is 7903913 prime?
False
Is 2006393 prime?
True
Is 3031219 a composite number?
True
Is 6313253 a prime number?
True
Is 1198059 a composite number?
True
Is 4010483 a prime number?
False
Is 2944699 composite?
False
Is 80930737 prime?
False
Is 4439053 a composite number?
True
Is 2577073 prime?
True
Is 28094573 a composite number?
True
Is 93638747 prime?
True
Is 31832501 a prime number?
True
Is 3217603 prime?
False
Is 3051071 a prime number?
True
Is 9216803 a composite number?
True
Is 10680821 a prime number?
True
Is 3898187 a composite number?
True
Is 101620927 composite?
False
Is 9069287 a composite number?
False
Is 3525322 composite?
True
Is 199835929 prime?
True
Is 351121 prime?
True
Is 6359107 prime?
True
Is 787771703 composite?
True
Is 2876099 composite?
True
Is 4558019 composite?
False
Is 475457 a composite number?
False
Is 66210977 prime?
False
Is 41487707 prime?
True
Is 26267947 a composite number?
True
Is 39707301 prime?
False
Is 501287 prime?
True
Is 82648187 a composite number?
False
Is 1583117 a composite number?
False
Is 18058633 prime?
True
Is 4054523 composite?
True
Is 127756901 composite?
False
Is 4353047 prime?
True
Is 4829483 a composite number?
True
Is 25185107 composite?
False
Is 382798837 a composite number?
True
Is 13487317 a prime number?
False
Is 2634061 prime?
False
Is 32978437 composite?
True
Is 126075577 prime?
True
Is 27836983 prime?
False
Is 12593159 a prime number?
True
Is 6095647 composite?
False
Is 45398009 prime?
False
Is 1085579 a prime number?
False
Is 53547553 a prime number?
True
Is 299015303 a prime number?
True
Is 29872797 composite?
True
Is 16076751 prime?
False
Is 502699 prime?
True
Is 4537261 composite?
False
Is 26515409 prime?
True
Is 25579822 prime?
False
Is 166649999 composite?
False
Is 6772459 a prime number?
True
Is 68707 prime?
False
Is 5848565 composite?
True
Is 137227873 composite?
False
Is 7337633 a prime number?
True
Is 42471103 prime?
True
Is 190178741 a composite number?
False
Is 3065477 a prime number?
True
Is 8625629 a prime number?
False
Is 1279847 a composite number?
False
Is 6369149 prime?
True
Is 10013069 prime?
False
Is 52728349 a composite number?
True
Is 3182911 prime?
True
Is 762649 prime?
False
Is 13916927 prime?
False
Is 103909 prime?
False
Is 19336529 composite?
True
Is 43206937 prime?
False
Is 29046891 a prime number?
False
Is 49861633 composite?
True
Is 31759883 a composite number?
True
Is 4777067 a prime number?
False
Is 96323511 prime?
False
Is 653525207 a prime number?
False
Is 2721109 a prime number?
True
Is 2657003 a composite number?
False
Is 43852637 a prime number?
False
Is 77314207 composite?
False
Is 35393053 composite?
True
Is 3219331 a composite number?
False
Is 10915053 composite?
True
Is 248936041 a prime number?
True
Is 2560582 a composite number?
True
Is 51024929 composite?
False
Is 141476897 a composite number?
False
Is 6156487 a composite number?
False
Is 64457719 a composite number?
False
Is 2589781 prime?
False
Is 443446499 a prime number?
False
Is 29753719 prime?
True
Is 60859 a composite number?
False
Is 39130573 a prime number?
True
Is 12469463 prime?
False
Is 138867497 a composite number?
False
Is 733994 a composite number?
True
Is 47711 a composite number?
False
Is 16491049 a composite number?
True
Is 3098 a prime number?
False
Is 148878907 a prime number?
True
Is 1612991 a composite number?
False
Is 73576677 a prime number?
False
Is 9213167 a composite number?
True
Is 6740141 a prime number?
True
Is 13192853 a prime number?
False
Is 49533811 a composite number?
False
Is 124427209 a composite number?
True
Is 5928355 a composite number?
True
Is 106315103 composite?
False
Is 125157739 prime?
False
Is 5068491 prime?
False
Is 109717 a composite number?
False
Is 116563631 a composite number?
True
Is 2125589 prime?
False
Is 104552893 a prime number?
True
Is 27917179 a composite number?
True
Is 2160029 a prime number?
True
Is 6871157 a prime number?
False
Is 996257377 prime?
False
Is 1404293 composite?
True
Is 232456949 a composite number?
True
Is 72313742 prime?
False
Is 165489 composite?
True
Is 22182631 a prime number?
False
Is 61678039 a composite number?
True
Is 81666271 a composite number?
True
Is 2723377 prime?
False
Is 80597353 composite?
False
Is 395671 composite?
False
Is 10251641 a prime number?
True
Is 5443219 a prime number?
True
Is 2567011 composite?
True
Is 25190761 prime?
True
Is 9119491 a composite number?
False
Is 2160623 a prime number?
False
Is 99044927 a composite number?
False
Is 47757139 prime?
True
Is 27483739 a prime number?
False
Is 1226879 composite?
True
Is 22080763 prime?
True
Is 2900399 a prime number?
True
Is 3886599 a prime number?
False
Is 9858601 composite?
True
Is 412022057 a composite number?
False
Is 19291063 a composite number?
True
Is 77886307 prime?
True
Is 39130811 prime?
True
Is 527559001 a prime number?
False
Is 33690191 composite?
False
Is 25009949 a composite number?
True
Is 1776305 composite?
True
Is 64178647 a composite number?
True
Is 26221997 prime?
True
Is 1232603 a composite number?
False
Is 104651179 a prime number?
True
Is 20806039 prime?
True
Is 304295 a composite number?
True
Is 90230081 prime?
False
Is 4409074 a prime number?
False
Is 3297187 a composite number?
False
Is 3893819 a composite number?
False
Is 775717 a composite number?
True
Is 2124631 a composite number?
False
Is 1076587 composite?
False
Is 3169759 a composite number?
False
Is 10739041 a prime number?
True
Is 2266427 composite?
False
Is 635572883 a prime number?
False
Is 85497161 prime?
False
Is 1149689 composite?
False
Is 12671531 composite?
False
Is 4116301 prime?
False
Is 11608901 prime?
False
Is 656418473 a composite number?
True
Is 356316721 a prime number?
False
Is 5760429 composite?
True
Is 5877103 composite?
False
Is 5946541 prime?
True
Is 1065173 a composite number?
False
Is 59708758 prime?
False
Is 24627877 a composite number?
False
Is 73520701 a composite number?
False
Is 443052719 prime?
True
Is 9529042 prime?
False
Is 4579091 a composite number?
True
Is 14365709 prime?
True
Is 319683209 a composite number?
False
Is 958295297 a composite number?
False
Is 29237563 composite?
False
Is 9111 a prime number?
False
Is 43795487 composite?
True
Is 275475241 prime?
False
Is 35326715 a composite number?
True
Is 60774397 a composite number?
True
Is 1005155 a composite number?
True
Is 625213343 a composite number?
False
Is 10043491 a prime number?
True
Is 484397 a prime number?
True
Is 2556641 a composite number?
False
Is 635897 composite?
True
Is 13499 composite?
False
Is 2258383 a composite number?
True
Is 108636383 composite?
True
Is 2254243 a prime number?
True
Is 282071 prime?
True
Is 1209529 a composite number?
True
Is 123548977 a prime number?
False
Is 6978281 a composite number?
False
Is 564523 prime?
True
Is 404062726 a prime number?
False
Is 22219471 composite?
False
Is 754489 a composite number?
False
Is 11127199 prime?
False
Is 2582669 a prime number?
False
Is 242160599 prime?
True
Is 19945129 a composite number?
False
Is 2675581 a composite number?
True
Is 32996647 p